{"id":8937,"date":"2023-05-04T21:49:42","date_gmt":"2023-05-04T21:49:42","guid":{"rendered":"https:\/\/suministressantfeliu.com\/comprar\/platos-serie-trianon-arcoroc-arcopal-cajas-de-24-platos-vajillas-para-hosteleria-profesionales\/"},"modified":"2023-11-15T10:34:03","modified_gmt":"2023-11-15T10:34:03","slug":"platos-serie-trianon-arcoroc-arcopal-cajas-de-24-platos-vajillas-para-hosteleria-profesionales","status":"publish","type":"product","link":"https:\/\/suministressantfeliu.com\/comprar\/platos-serie-trianon-arcoroc-arcopal-cajas-de-24-platos-vajillas-para-hosteleria-profesionales\/","title":{"rendered":"Platos serie Trianon Arcoroc &#8211; Arcopal cajas de 24 platos &#8211; Vajillas para hosteler\u00eda profesionales"},"content":{"rendered":"<p>Plato llano de 24,5cm Trianon Luminarc.El modelo Trianon de Luminarc es un cl\u00e1sico tanto por su dise\u00f1o como por su durabilidad. Sus piezas se combinan perfectamente entre s\u00ed ya sea en blanco o en negro y presentan todas las cualidades de los modelos de vajilla de diario acrecentadas al ser un producto Luminarc: resistencia, dise\u00f1o intemporal y brillo. Las piezas de este modelo se pueden apilar prefectamente entre s\u00ed y lavar en el lavavajillas o introducir en el microondas.<\/p>\n<p>Plato vitrificado, arcopal, especial colectividades y hosteleriaResistente a Impactos y choques t\u00e9rmicos.. Apto para lavavajillas y microondas.. Material: Vidrio Templado Blanco.. Medidas plato hondo: 23 cmMedidas plato llano: 24 cmMedidas plato postre: 20 cm<\/p>\n","protected":false},"excerpt":{"rendered":"<p>Platos serie Trianon Arcoroc &#8211; Arcopal cajas de 24 platos &#8211; Vajillas para hosteler\u00eda profesionales<\/p>\n","protected":false},"featured_media":3720,"template":"","meta":[],"product_brand":[],"product_cat":[1121,1125,1120],"product_tag":[],"class_list":{"0":"post-8937","1":"product","2":"type-product","3":"status-publish","4":"has-post-thumbnail","6":"product_cat-cocina","7":"product_cat-menaje-mesa","8":"product_cat-utensilios-cocina-hosteleria","10":"first","11":"instock","12":"sale","13":"taxable","14":"shipping-taxable","15":"purchasable","16":"product-type-variable"},"yoast_head":"<!-- This site is optimized with the Yoast SEO plugin v27.5 - https:\/\/yoast.com\/product\/yoast-seo-wordpress\/ -->\n<title>Platos serie Trianon Arcoroc - Arcopal cajas de 24 platos - Vajillas para hosteler\u00eda profesionales - Venta Productos de hosteler\u00eda Barcelona<\/title>\n<meta name=\"robots\" content=\"index, follow, max-snippet:-1, max-image-preview:large, max-video-preview:-1\" \/>\n<link rel=\"canonical\" href=\"https:\/\/suministressantfeliu.com\/comprar\/platos-serie-trianon-arcoroc-arcopal-cajas-de-24-platos-vajillas-para-hosteleria-profesionales\/\" \/>\n<meta property=\"og:locale\" content=\"es_ES\" \/>\n<meta property=\"og:type\" content=\"article\" \/>\n<meta property=\"og:title\" content=\"Platos serie Trianon Arcoroc - Arcopal cajas de 24 platos - Vajillas para hosteler\u00eda profesionales - Venta Productos de hosteler\u00eda Barcelona\" \/>\n<meta property=\"og:description\" content=\"Platos serie Trianon Arcoroc - Arcopal cajas de 24 platos - Vajillas para hosteler\u00eda profesionales\" \/>\n<meta property=\"og:url\" content=\"https:\/\/suministressantfeliu.com\/comprar\/platos-serie-trianon-arcoroc-arcopal-cajas-de-24-platos-vajillas-para-hosteleria-profesionales\/\" \/>\n<meta property=\"og:site_name\" content=\"Venta Productos de hosteler\u00eda Barcelona\" \/>\n<meta property=\"article:modified_time\" content=\"2023-11-15T10:34:03+00:00\" \/>\n<meta property=\"og:image\" content=\"https:\/\/suministressantfeliu.com\/comprar\/wp-content\/uploads\/2023\/04\/vajillas-para-hosteleria-profesionales-800x800-1.jpg\" \/>\n\t<meta property=\"og:image:width\" content=\"800\" \/>\n\t<meta property=\"og:image:height\" content=\"478\" \/>\n\t<meta property=\"og:image:type\" content=\"image\/jpeg\" \/>\n<meta name=\"twitter:card\" content=\"summary_large_image\" \/>\n<meta name=\"twitter:label1\" content=\"Tiempo de lectura\" \/>\n\t<meta name=\"twitter:data1\" content=\"1 minuto\" \/>\n<script type=\"application\/ld+json\" class=\"yoast-schema-graph\">{\"@context\":\"https:\\\/\\\/schema.org\",\"@graph\":[{\"@type\":\"WebPage\",\"@id\":\"https:\\\/\\\/suministressantfeliu.com\\\/comprar\\\/platos-serie-trianon-arcoroc-arcopal-cajas-de-24-platos-vajillas-para-hosteleria-profesionales\\\/\",\"url\":\"https:\\\/\\\/suministressantfeliu.com\\\/comprar\\\/platos-serie-trianon-arcoroc-arcopal-cajas-de-24-platos-vajillas-para-hosteleria-profesionales\\\/\",\"name\":\"Platos serie Trianon Arcoroc - Arcopal cajas de 24 platos - Vajillas para hosteler\u00eda profesionales - Venta Productos de hosteler\u00eda Barcelona\",\"isPartOf\":{\"@id\":\"https:\\\/\\\/suministressantfeliu.com\\\/comprar\\\/#website\"},\"primaryImageOfPage\":{\"@id\":\"https:\\\/\\\/suministressantfeliu.com\\\/comprar\\\/platos-serie-trianon-arcoroc-arcopal-cajas-de-24-platos-vajillas-para-hosteleria-profesionales\\\/#primaryimage\"},\"image\":{\"@id\":\"https:\\\/\\\/suministressantfeliu.com\\\/comprar\\\/platos-serie-trianon-arcoroc-arcopal-cajas-de-24-platos-vajillas-para-hosteleria-profesionales\\\/#primaryimage\"},\"thumbnailUrl\":\"https:\\\/\\\/suministressantfeliu.com\\\/comprar\\\/wp-content\\\/uploads\\\/2023\\\/04\\\/vajillas-para-hosteleria-profesionales-800x800-1.jpg\",\"datePublished\":\"2023-05-04T21:49:42+00:00\",\"dateModified\":\"2023-11-15T10:34:03+00:00\",\"breadcrumb\":{\"@id\":\"https:\\\/\\\/suministressantfeliu.com\\\/comprar\\\/platos-serie-trianon-arcoroc-arcopal-cajas-de-24-platos-vajillas-para-hosteleria-profesionales\\\/#breadcrumb\"},\"inLanguage\":\"es\",\"potentialAction\":[{\"@type\":\"ReadAction\",\"target\":[\"https:\\\/\\\/suministressantfeliu.com\\\/comprar\\\/platos-serie-trianon-arcoroc-arcopal-cajas-de-24-platos-vajillas-para-hosteleria-profesionales\\\/\"]}]},{\"@type\":\"ImageObject\",\"inLanguage\":\"es\",\"@id\":\"https:\\\/\\\/suministressantfeliu.com\\\/comprar\\\/platos-serie-trianon-arcoroc-arcopal-cajas-de-24-platos-vajillas-para-hosteleria-profesionales\\\/#primaryimage\",\"url\":\"https:\\\/\\\/suministressantfeliu.com\\\/comprar\\\/wp-content\\\/uploads\\\/2023\\\/04\\\/vajillas-para-hosteleria-profesionales-800x800-1.jpg\",\"contentUrl\":\"https:\\\/\\\/suministressantfeliu.com\\\/comprar\\\/wp-content\\\/uploads\\\/2023\\\/04\\\/vajillas-para-hosteleria-profesionales-800x800-1.jpg\",\"width\":800,\"height\":478,\"caption\":\"platos trianon arcoroc\"},{\"@type\":\"BreadcrumbList\",\"@id\":\"https:\\\/\\\/suministressantfeliu.com\\\/comprar\\\/platos-serie-trianon-arcoroc-arcopal-cajas-de-24-platos-vajillas-para-hosteleria-profesionales\\\/#breadcrumb\",\"itemListElement\":[{\"@type\":\"ListItem\",\"position\":1,\"name\":\"Portada\",\"item\":\"https:\\\/\\\/suministressantfeliu.com\\\/comprar\\\/\"},{\"@type\":\"ListItem\",\"position\":2,\"name\":\"Tienda\",\"item\":\"https:\\\/\\\/suministressantfeliu.com\\\/comprar\\\/tienda\\\/\"},{\"@type\":\"ListItem\",\"position\":3,\"name\":\"Platos serie Trianon Arcoroc &#8211; Arcopal cajas de 24 platos &#8211; Vajillas para hosteler\u00eda profesionales\"}]},{\"@type\":\"WebSite\",\"@id\":\"https:\\\/\\\/suministressantfeliu.com\\\/comprar\\\/#website\",\"url\":\"https:\\\/\\\/suministressantfeliu.com\\\/comprar\\\/\",\"name\":\"Productos hosteler\u00eda\",\"description\":\"Venta de suministros profesionales para hosteler\u00eda\",\"publisher\":{\"@id\":\"https:\\\/\\\/suministressantfeliu.com\\\/comprar\\\/#organization\"},\"potentialAction\":[{\"@type\":\"SearchAction\",\"target\":{\"@type\":\"EntryPoint\",\"urlTemplate\":\"https:\\\/\\\/suministressantfeliu.com\\\/comprar\\\/?s={search_term_string}\"},\"query-input\":{\"@type\":\"PropertyValueSpecification\",\"valueRequired\":true,\"valueName\":\"search_term_string\"}}],\"inLanguage\":\"es\"},{\"@type\":\"Organization\",\"@id\":\"https:\\\/\\\/suministressantfeliu.com\\\/comprar\\\/#organization\",\"name\":\"Suministres Sant Feliu hosteleria\",\"url\":\"https:\\\/\\\/suministressantfeliu.com\\\/comprar\\\/\",\"logo\":{\"@type\":\"ImageObject\",\"inLanguage\":\"es\",\"@id\":\"https:\\\/\\\/suministressantfeliu.com\\\/comprar\\\/#\\\/schema\\\/logo\\\/image\\\/\",\"url\":\"https:\\\/\\\/suministressantfeliu.com\\\/comprar\\\/wp-content\\\/uploads\\\/2021\\\/03\\\/cropped-suministres-sant-feliu-logo.png\",\"contentUrl\":\"https:\\\/\\\/suministressantfeliu.com\\\/comprar\\\/wp-content\\\/uploads\\\/2021\\\/03\\\/cropped-suministres-sant-feliu-logo.png\",\"width\":668,\"height\":668,\"caption\":\"Suministres Sant Feliu hosteleria\"},\"image\":{\"@id\":\"https:\\\/\\\/suministressantfeliu.com\\\/comprar\\\/#\\\/schema\\\/logo\\\/image\\\/\"}}]}<\/script>\n<!-- \/ Yoast SEO plugin. -->","yoast_head_json":{"title":"Platos serie Trianon Arcoroc - Arcopal cajas de 24 platos - Vajillas para hosteler\u00eda profesionales - Venta Productos de hosteler\u00eda Barcelona","robots":{"index":"index","follow":"follow","max-snippet":"max-snippet:-1","max-image-preview":"max-image-preview:large","max-video-preview":"max-video-preview:-1"},"canonical":"https:\/\/suministressantfeliu.com\/comprar\/platos-serie-trianon-arcoroc-arcopal-cajas-de-24-platos-vajillas-para-hosteleria-profesionales\/","og_locale":"es_ES","og_type":"article","og_title":"Platos serie Trianon Arcoroc - Arcopal cajas de 24 platos - Vajillas para hosteler\u00eda profesionales - Venta Productos de hosteler\u00eda Barcelona","og_description":"Platos serie Trianon Arcoroc - Arcopal cajas de 24 platos - Vajillas para hosteler\u00eda profesionales","og_url":"https:\/\/suministressantfeliu.com\/comprar\/platos-serie-trianon-arcoroc-arcopal-cajas-de-24-platos-vajillas-para-hosteleria-profesionales\/","og_site_name":"Venta Productos de hosteler\u00eda Barcelona","article_modified_time":"2023-11-15T10:34:03+00:00","og_image":[{"width":800,"height":478,"url":"https:\/\/suministressantfeliu.com\/comprar\/wp-content\/uploads\/2023\/04\/vajillas-para-hosteleria-profesionales-800x800-1.jpg","type":"image\/jpeg"}],"twitter_card":"summary_large_image","twitter_misc":{"Tiempo de lectura":"1 minuto"},"schema":{"@context":"https:\/\/schema.org","@graph":[{"@type":"WebPage","@id":"https:\/\/suministressantfeliu.com\/comprar\/platos-serie-trianon-arcoroc-arcopal-cajas-de-24-platos-vajillas-para-hosteleria-profesionales\/","url":"https:\/\/suministressantfeliu.com\/comprar\/platos-serie-trianon-arcoroc-arcopal-cajas-de-24-platos-vajillas-para-hosteleria-profesionales\/","name":"Platos serie Trianon Arcoroc - Arcopal cajas de 24 platos - Vajillas para hosteler\u00eda profesionales - Venta Productos de hosteler\u00eda Barcelona","isPartOf":{"@id":"https:\/\/suministressantfeliu.com\/comprar\/#website"},"primaryImageOfPage":{"@id":"https:\/\/suministressantfeliu.com\/comprar\/platos-serie-trianon-arcoroc-arcopal-cajas-de-24-platos-vajillas-para-hosteleria-profesionales\/#primaryimage"},"image":{"@id":"https:\/\/suministressantfeliu.com\/comprar\/platos-serie-trianon-arcoroc-arcopal-cajas-de-24-platos-vajillas-para-hosteleria-profesionales\/#primaryimage"},"thumbnailUrl":"https:\/\/suministressantfeliu.com\/comprar\/wp-content\/uploads\/2023\/04\/vajillas-para-hosteleria-profesionales-800x800-1.jpg","datePublished":"2023-05-04T21:49:42+00:00","dateModified":"2023-11-15T10:34:03+00:00","breadcrumb":{"@id":"https:\/\/suministressantfeliu.com\/comprar\/platos-serie-trianon-arcoroc-arcopal-cajas-de-24-platos-vajillas-para-hosteleria-profesionales\/#breadcrumb"},"inLanguage":"es","potentialAction":[{"@type":"ReadAction","target":["https:\/\/suministressantfeliu.com\/comprar\/platos-serie-trianon-arcoroc-arcopal-cajas-de-24-platos-vajillas-para-hosteleria-profesionales\/"]}]},{"@type":"ImageObject","inLanguage":"es","@id":"https:\/\/suministressantfeliu.com\/comprar\/platos-serie-trianon-arcoroc-arcopal-cajas-de-24-platos-vajillas-para-hosteleria-profesionales\/#primaryimage","url":"https:\/\/suministressantfeliu.com\/comprar\/wp-content\/uploads\/2023\/04\/vajillas-para-hosteleria-profesionales-800x800-1.jpg","contentUrl":"https:\/\/suministressantfeliu.com\/comprar\/wp-content\/uploads\/2023\/04\/vajillas-para-hosteleria-profesionales-800x800-1.jpg","width":800,"height":478,"caption":"platos trianon arcoroc"},{"@type":"BreadcrumbList","@id":"https:\/\/suministressantfeliu.com\/comprar\/platos-serie-trianon-arcoroc-arcopal-cajas-de-24-platos-vajillas-para-hosteleria-profesionales\/#breadcrumb","itemListElement":[{"@type":"ListItem","position":1,"name":"Portada","item":"https:\/\/suministressantfeliu.com\/comprar\/"},{"@type":"ListItem","position":2,"name":"Tienda","item":"https:\/\/suministressantfeliu.com\/comprar\/tienda\/"},{"@type":"ListItem","position":3,"name":"Platos serie Trianon Arcoroc &#8211; Arcopal cajas de 24 platos &#8211; Vajillas para hosteler\u00eda profesionales"}]},{"@type":"WebSite","@id":"https:\/\/suministressantfeliu.com\/comprar\/#website","url":"https:\/\/suministressantfeliu.com\/comprar\/","name":"Productos hosteler\u00eda","description":"Venta de suministros profesionales para hosteler\u00eda","publisher":{"@id":"https:\/\/suministressantfeliu.com\/comprar\/#organization"},"potentialAction":[{"@type":"SearchAction","target":{"@type":"EntryPoint","urlTemplate":"https:\/\/suministressantfeliu.com\/comprar\/?s={search_term_string}"},"query-input":{"@type":"PropertyValueSpecification","valueRequired":true,"valueName":"search_term_string"}}],"inLanguage":"es"},{"@type":"Organization","@id":"https:\/\/suministressantfeliu.com\/comprar\/#organization","name":"Suministres Sant Feliu hosteleria","url":"https:\/\/suministressantfeliu.com\/comprar\/","logo":{"@type":"ImageObject","inLanguage":"es","@id":"https:\/\/suministressantfeliu.com\/comprar\/#\/schema\/logo\/image\/","url":"https:\/\/suministressantfeliu.com\/comprar\/wp-content\/uploads\/2021\/03\/cropped-suministres-sant-feliu-logo.png","contentUrl":"https:\/\/suministressantfeliu.com\/comprar\/wp-content\/uploads\/2021\/03\/cropped-suministres-sant-feliu-logo.png","width":668,"height":668,"caption":"Suministres Sant Feliu hosteleria"},"image":{"@id":"https:\/\/suministressantfeliu.com\/comprar\/#\/schema\/logo\/image\/"}}]}},"_links":{"self":[{"href":"https:\/\/suministressantfeliu.com\/comprar\/wp-json\/wp\/v2\/product\/8937","targetHints":{"allow":["GET"]}}],"collection":[{"href":"https:\/\/suministressantfeliu.com\/comprar\/wp-json\/wp\/v2\/product"}],"about":[{"href":"https:\/\/suministressantfeliu.com\/comprar\/wp-json\/wp\/v2\/types\/product"}],"wp:featuredmedia":[{"embeddable":true,"href":"https:\/\/suministressantfeliu.com\/comprar\/wp-json\/wp\/v2\/media\/3720"}],"wp:attachment":[{"href":"https:\/\/suministressantfeliu.com\/comprar\/wp-json\/wp\/v2\/media?parent=8937"}],"wp:term":[{"taxonomy":"product_brand","embeddable":true,"href":"https:\/\/suministressantfeliu.com\/comprar\/wp-json\/wp\/v2\/product_brand?post=8937"},{"taxonomy":"product_cat","embeddable":true,"href":"https:\/\/suministressantfeliu.com\/comprar\/wp-json\/wp\/v2\/product_cat?post=8937"},{"taxonomy":"product_tag","embeddable":true,"href":"https:\/\/suministressantfeliu.com\/comprar\/wp-json\/wp\/v2\/product_tag?post=8937"}],"curies":[{"name":"wp","href":"https:\/\/api.w.org\/{rel}","templated":true}]}}