{"id":8884,"date":"2023-05-04T21:49:17","date_gmt":"2023-05-04T21:49:17","guid":{"rendered":"https:\/\/suministressantfeliu.com\/comprar\/servilleta-mesa-40-x-40-punta-a-punta-plegado-1-8-negra-caja-de-42-paquetes-de-50-servilletas\/"},"modified":"2024-02-26T12:47:37","modified_gmt":"2024-02-26T12:47:37","slug":"servilleta-mesa-40-x-40-punta-a-punta-plegado-1-8-negra-paquete-de-50-unidades-caja-de-2100-servilletas","status":"publish","type":"product","link":"https:\/\/suministressantfeliu.com\/comprar\/servilleta-mesa-40-x-40-punta-a-punta-plegado-1-8-negra-paquete-de-50-unidades-caja-de-2100-servilletas\/","title":{"rendered":"Servilleta mesa 40 x 40 punta a punta plegado 1\/8 negra caja de\u00a02100 servilletas"},"content":{"rendered":"<p>Las servilletas punta a punta, estan fabricadas con un sistema productivo basado en encolar dos capas de papel mediante micropuntos.<\/p>\n<p>Su principal caracter\u00edstica es el alto volumen y la suavidad final que se ha conseguido en ellas.<\/p>\n<p>Su tacto es muy parecido a la tela y el precio del producto es la mitad que el de una servilleta Tissue seco.<\/p>\n<p>Este efecto se consigue inyectando celdillas de aire entre las dos capas de papel en el proceso productivo.<\/p>\n<p>Estudios de mercado demuestran que el consumidor utiliza cuatro veces m\u00e1s servilletas de celulosa normales que servilletas Double Point<\/p>\n<p>Sus medidas 40\u00d740 y su pliegue de 1\/8, y su doble capa le otorga una gran capacidad de absorci\u00f3n. Adem\u00e1s, su acabado Punta Punta le permite ser suave para la piel. Una servilleta de papel que no necesita nada m\u00e1s para vestir tu mesa.<\/p>\n<p>Todas nuestras servilletas est\u00e1n compuestas de un material biodegradable, de manera que son desechables.<\/p>\n","protected":false},"excerpt":{"rendered":"<p>Servilleta mesa 40 x 40 punta a punta plegado 1\/8 negra. paquete de 50 unidades. caja de 2100 servilletas<\/p>\n","protected":false},"featured_media":3705,"template":"","meta":[],"product_brand":[],"product_cat":[1124,1134,1137],"product_tag":[],"class_list":{"0":"post-8884","1":"product","2":"type-product","3":"status-publish","4":"has-post-thumbnail","6":"product_cat-celulosas-papel","7":"product_cat-servicio-de-mesa","8":"product_cat-servilletas","10":"first","11":"instock","12":"sale","13":"taxable","14":"shipping-taxable","15":"purchasable","16":"product-type-simple"},"yoast_head":"<!-- This site is optimized with the Yoast SEO plugin v27.5 - https:\/\/yoast.com\/product\/yoast-seo-wordpress\/ -->\n<title>Servilleta mesa 40 x 40 punta a punta plegado 1\/8 negra caja de\u00a02100 servilletas - Venta Productos de hosteler\u00eda Barcelona<\/title>\n<meta name=\"description\" content=\"Servilleta mesa 40 x 40 punta a punta plegado 1\/8 negra. paquete de 50 unidades. caja de 2100 servilletas\" \/>\n<meta name=\"robots\" content=\"index, follow, max-snippet:-1, max-image-preview:large, max-video-preview:-1\" \/>\n<link rel=\"canonical\" href=\"https:\/\/suministressantfeliu.com\/comprar\/servilleta-mesa-40-x-40-punta-a-punta-plegado-1-8-negra-paquete-de-50-unidades-caja-de-2100-servilletas\/\" \/>\n<meta property=\"og:locale\" content=\"es_ES\" \/>\n<meta property=\"og:type\" content=\"article\" \/>\n<meta property=\"og:title\" content=\"Servilleta mesa 40 x 40 punta a punta plegado 1\/8 negra caja de\u00a02100 servilletas - Venta Productos de hosteler\u00eda Barcelona\" \/>\n<meta property=\"og:description\" content=\"Servilleta mesa 40 x 40 punta a punta plegado 1\/8 negra. paquete de 50 unidades. caja de 2100 servilletas\" \/>\n<meta property=\"og:url\" content=\"https:\/\/suministressantfeliu.com\/comprar\/servilleta-mesa-40-x-40-punta-a-punta-plegado-1-8-negra-paquete-de-50-unidades-caja-de-2100-servilletas\/\" \/>\n<meta property=\"og:site_name\" content=\"Venta Productos de hosteler\u00eda Barcelona\" \/>\n<meta property=\"article:modified_time\" content=\"2024-02-26T12:47:37+00:00\" \/>\n<meta property=\"og:image\" content=\"https:\/\/suministressantfeliu.com\/comprar\/wp-content\/uploads\/2023\/04\/servilleta-40-x-40-punta-a-punta-colores-800x800-1.jpg\" \/>\n\t<meta property=\"og:image:width\" content=\"800\" \/>\n\t<meta property=\"og:image:height\" content=\"800\" \/>\n\t<meta property=\"og:image:type\" content=\"image\/jpeg\" \/>\n<meta name=\"twitter:card\" content=\"summary_large_image\" \/>\n<meta name=\"twitter:label1\" content=\"Tiempo de lectura\" \/>\n\t<meta name=\"twitter:data1\" content=\"1 minuto\" \/>\n<script type=\"application\/ld+json\" class=\"yoast-schema-graph\">{\"@context\":\"https:\\\/\\\/schema.org\",\"@graph\":[{\"@type\":\"WebPage\",\"@id\":\"https:\\\/\\\/suministressantfeliu.com\\\/comprar\\\/servilleta-mesa-40-x-40-punta-a-punta-plegado-1-8-negra-paquete-de-50-unidades-caja-de-2100-servilletas\\\/\",\"url\":\"https:\\\/\\\/suministressantfeliu.com\\\/comprar\\\/servilleta-mesa-40-x-40-punta-a-punta-plegado-1-8-negra-paquete-de-50-unidades-caja-de-2100-servilletas\\\/\",\"name\":\"Servilleta mesa 40 x 40 punta a punta plegado 1\\\/8 negra caja de\u00a02100 servilletas - Venta Productos de hosteler\u00eda Barcelona\",\"isPartOf\":{\"@id\":\"https:\\\/\\\/suministressantfeliu.com\\\/comprar\\\/#website\"},\"primaryImageOfPage\":{\"@id\":\"https:\\\/\\\/suministressantfeliu.com\\\/comprar\\\/servilleta-mesa-40-x-40-punta-a-punta-plegado-1-8-negra-paquete-de-50-unidades-caja-de-2100-servilletas\\\/#primaryimage\"},\"image\":{\"@id\":\"https:\\\/\\\/suministressantfeliu.com\\\/comprar\\\/servilleta-mesa-40-x-40-punta-a-punta-plegado-1-8-negra-paquete-de-50-unidades-caja-de-2100-servilletas\\\/#primaryimage\"},\"thumbnailUrl\":\"https:\\\/\\\/suministressantfeliu.com\\\/comprar\\\/wp-content\\\/uploads\\\/2023\\\/04\\\/servilleta-40-x-40-punta-a-punta-colores-800x800-1.jpg\",\"datePublished\":\"2023-05-04T21:49:17+00:00\",\"dateModified\":\"2024-02-26T12:47:37+00:00\",\"description\":\"Servilleta mesa 40 x 40 punta a punta plegado 1\\\/8 negra. paquete de 50 unidades. caja de 2100 servilletas\",\"breadcrumb\":{\"@id\":\"https:\\\/\\\/suministressantfeliu.com\\\/comprar\\\/servilleta-mesa-40-x-40-punta-a-punta-plegado-1-8-negra-paquete-de-50-unidades-caja-de-2100-servilletas\\\/#breadcrumb\"},\"inLanguage\":\"es\",\"potentialAction\":[{\"@type\":\"ReadAction\",\"target\":[\"https:\\\/\\\/suministressantfeliu.com\\\/comprar\\\/servilleta-mesa-40-x-40-punta-a-punta-plegado-1-8-negra-paquete-de-50-unidades-caja-de-2100-servilletas\\\/\"]}]},{\"@type\":\"ImageObject\",\"inLanguage\":\"es\",\"@id\":\"https:\\\/\\\/suministressantfeliu.com\\\/comprar\\\/servilleta-mesa-40-x-40-punta-a-punta-plegado-1-8-negra-paquete-de-50-unidades-caja-de-2100-servilletas\\\/#primaryimage\",\"url\":\"https:\\\/\\\/suministressantfeliu.com\\\/comprar\\\/wp-content\\\/uploads\\\/2023\\\/04\\\/servilleta-40-x-40-punta-a-punta-colores-800x800-1.jpg\",\"contentUrl\":\"https:\\\/\\\/suministressantfeliu.com\\\/comprar\\\/wp-content\\\/uploads\\\/2023\\\/04\\\/servilleta-40-x-40-punta-a-punta-colores-800x800-1.jpg\",\"width\":800,\"height\":800},{\"@type\":\"BreadcrumbList\",\"@id\":\"https:\\\/\\\/suministressantfeliu.com\\\/comprar\\\/servilleta-mesa-40-x-40-punta-a-punta-plegado-1-8-negra-paquete-de-50-unidades-caja-de-2100-servilletas\\\/#breadcrumb\",\"itemListElement\":[{\"@type\":\"ListItem\",\"position\":1,\"name\":\"Portada\",\"item\":\"https:\\\/\\\/suministressantfeliu.com\\\/comprar\\\/\"},{\"@type\":\"ListItem\",\"position\":2,\"name\":\"Tienda\",\"item\":\"https:\\\/\\\/suministressantfeliu.com\\\/comprar\\\/tienda\\\/\"},{\"@type\":\"ListItem\",\"position\":3,\"name\":\"Servilleta mesa 40 x 40 punta a punta plegado 1\\\/8 negra caja de\u00a02100 servilletas\"}]},{\"@type\":\"WebSite\",\"@id\":\"https:\\\/\\\/suministressantfeliu.com\\\/comprar\\\/#website\",\"url\":\"https:\\\/\\\/suministressantfeliu.com\\\/comprar\\\/\",\"name\":\"Productos hosteler\u00eda\",\"description\":\"Venta de suministros profesionales para hosteler\u00eda\",\"publisher\":{\"@id\":\"https:\\\/\\\/suministressantfeliu.com\\\/comprar\\\/#organization\"},\"potentialAction\":[{\"@type\":\"SearchAction\",\"target\":{\"@type\":\"EntryPoint\",\"urlTemplate\":\"https:\\\/\\\/suministressantfeliu.com\\\/comprar\\\/?s={search_term_string}\"},\"query-input\":{\"@type\":\"PropertyValueSpecification\",\"valueRequired\":true,\"valueName\":\"search_term_string\"}}],\"inLanguage\":\"es\"},{\"@type\":\"Organization\",\"@id\":\"https:\\\/\\\/suministressantfeliu.com\\\/comprar\\\/#organization\",\"name\":\"Suministres Sant Feliu hosteleria\",\"url\":\"https:\\\/\\\/suministressantfeliu.com\\\/comprar\\\/\",\"logo\":{\"@type\":\"ImageObject\",\"inLanguage\":\"es\",\"@id\":\"https:\\\/\\\/suministressantfeliu.com\\\/comprar\\\/#\\\/schema\\\/logo\\\/image\\\/\",\"url\":\"https:\\\/\\\/suministressantfeliu.com\\\/comprar\\\/wp-content\\\/uploads\\\/2021\\\/03\\\/cropped-suministres-sant-feliu-logo.png\",\"contentUrl\":\"https:\\\/\\\/suministressantfeliu.com\\\/comprar\\\/wp-content\\\/uploads\\\/2021\\\/03\\\/cropped-suministres-sant-feliu-logo.png\",\"width\":668,\"height\":668,\"caption\":\"Suministres Sant Feliu hosteleria\"},\"image\":{\"@id\":\"https:\\\/\\\/suministressantfeliu.com\\\/comprar\\\/#\\\/schema\\\/logo\\\/image\\\/\"}}]}<\/script>\n<!-- \/ Yoast SEO plugin. -->","yoast_head_json":{"title":"Servilleta mesa 40 x 40 punta a punta plegado 1\/8 negra caja de\u00a02100 servilletas - Venta Productos de hosteler\u00eda Barcelona","description":"Servilleta mesa 40 x 40 punta a punta plegado 1\/8 negra. paquete de 50 unidades. caja de 2100 servilletas","robots":{"index":"index","follow":"follow","max-snippet":"max-snippet:-1","max-image-preview":"max-image-preview:large","max-video-preview":"max-video-preview:-1"},"canonical":"https:\/\/suministressantfeliu.com\/comprar\/servilleta-mesa-40-x-40-punta-a-punta-plegado-1-8-negra-paquete-de-50-unidades-caja-de-2100-servilletas\/","og_locale":"es_ES","og_type":"article","og_title":"Servilleta mesa 40 x 40 punta a punta plegado 1\/8 negra caja de\u00a02100 servilletas - Venta Productos de hosteler\u00eda Barcelona","og_description":"Servilleta mesa 40 x 40 punta a punta plegado 1\/8 negra. paquete de 50 unidades. caja de 2100 servilletas","og_url":"https:\/\/suministressantfeliu.com\/comprar\/servilleta-mesa-40-x-40-punta-a-punta-plegado-1-8-negra-paquete-de-50-unidades-caja-de-2100-servilletas\/","og_site_name":"Venta Productos de hosteler\u00eda Barcelona","article_modified_time":"2024-02-26T12:47:37+00:00","og_image":[{"width":800,"height":800,"url":"https:\/\/suministressantfeliu.com\/comprar\/wp-content\/uploads\/2023\/04\/servilleta-40-x-40-punta-a-punta-colores-800x800-1.jpg","type":"image\/jpeg"}],"twitter_card":"summary_large_image","twitter_misc":{"Tiempo de lectura":"1 minuto"},"schema":{"@context":"https:\/\/schema.org","@graph":[{"@type":"WebPage","@id":"https:\/\/suministressantfeliu.com\/comprar\/servilleta-mesa-40-x-40-punta-a-punta-plegado-1-8-negra-paquete-de-50-unidades-caja-de-2100-servilletas\/","url":"https:\/\/suministressantfeliu.com\/comprar\/servilleta-mesa-40-x-40-punta-a-punta-plegado-1-8-negra-paquete-de-50-unidades-caja-de-2100-servilletas\/","name":"Servilleta mesa 40 x 40 punta a punta plegado 1\/8 negra caja de\u00a02100 servilletas - Venta Productos de hosteler\u00eda Barcelona","isPartOf":{"@id":"https:\/\/suministressantfeliu.com\/comprar\/#website"},"primaryImageOfPage":{"@id":"https:\/\/suministressantfeliu.com\/comprar\/servilleta-mesa-40-x-40-punta-a-punta-plegado-1-8-negra-paquete-de-50-unidades-caja-de-2100-servilletas\/#primaryimage"},"image":{"@id":"https:\/\/suministressantfeliu.com\/comprar\/servilleta-mesa-40-x-40-punta-a-punta-plegado-1-8-negra-paquete-de-50-unidades-caja-de-2100-servilletas\/#primaryimage"},"thumbnailUrl":"https:\/\/suministressantfeliu.com\/comprar\/wp-content\/uploads\/2023\/04\/servilleta-40-x-40-punta-a-punta-colores-800x800-1.jpg","datePublished":"2023-05-04T21:49:17+00:00","dateModified":"2024-02-26T12:47:37+00:00","description":"Servilleta mesa 40 x 40 punta a punta plegado 1\/8 negra. paquete de 50 unidades. caja de 2100 servilletas","breadcrumb":{"@id":"https:\/\/suministressantfeliu.com\/comprar\/servilleta-mesa-40-x-40-punta-a-punta-plegado-1-8-negra-paquete-de-50-unidades-caja-de-2100-servilletas\/#breadcrumb"},"inLanguage":"es","potentialAction":[{"@type":"ReadAction","target":["https:\/\/suministressantfeliu.com\/comprar\/servilleta-mesa-40-x-40-punta-a-punta-plegado-1-8-negra-paquete-de-50-unidades-caja-de-2100-servilletas\/"]}]},{"@type":"ImageObject","inLanguage":"es","@id":"https:\/\/suministressantfeliu.com\/comprar\/servilleta-mesa-40-x-40-punta-a-punta-plegado-1-8-negra-paquete-de-50-unidades-caja-de-2100-servilletas\/#primaryimage","url":"https:\/\/suministressantfeliu.com\/comprar\/wp-content\/uploads\/2023\/04\/servilleta-40-x-40-punta-a-punta-colores-800x800-1.jpg","contentUrl":"https:\/\/suministressantfeliu.com\/comprar\/wp-content\/uploads\/2023\/04\/servilleta-40-x-40-punta-a-punta-colores-800x800-1.jpg","width":800,"height":800},{"@type":"BreadcrumbList","@id":"https:\/\/suministressantfeliu.com\/comprar\/servilleta-mesa-40-x-40-punta-a-punta-plegado-1-8-negra-paquete-de-50-unidades-caja-de-2100-servilletas\/#breadcrumb","itemListElement":[{"@type":"ListItem","position":1,"name":"Portada","item":"https:\/\/suministressantfeliu.com\/comprar\/"},{"@type":"ListItem","position":2,"name":"Tienda","item":"https:\/\/suministressantfeliu.com\/comprar\/tienda\/"},{"@type":"ListItem","position":3,"name":"Servilleta mesa 40 x 40 punta a punta plegado 1\/8 negra caja de\u00a02100 servilletas"}]},{"@type":"WebSite","@id":"https:\/\/suministressantfeliu.com\/comprar\/#website","url":"https:\/\/suministressantfeliu.com\/comprar\/","name":"Productos hosteler\u00eda","description":"Venta de suministros profesionales para hosteler\u00eda","publisher":{"@id":"https:\/\/suministressantfeliu.com\/comprar\/#organization"},"potentialAction":[{"@type":"SearchAction","target":{"@type":"EntryPoint","urlTemplate":"https:\/\/suministressantfeliu.com\/comprar\/?s={search_term_string}"},"query-input":{"@type":"PropertyValueSpecification","valueRequired":true,"valueName":"search_term_string"}}],"inLanguage":"es"},{"@type":"Organization","@id":"https:\/\/suministressantfeliu.com\/comprar\/#organization","name":"Suministres Sant Feliu hosteleria","url":"https:\/\/suministressantfeliu.com\/comprar\/","logo":{"@type":"ImageObject","inLanguage":"es","@id":"https:\/\/suministressantfeliu.com\/comprar\/#\/schema\/logo\/image\/","url":"https:\/\/suministressantfeliu.com\/comprar\/wp-content\/uploads\/2021\/03\/cropped-suministres-sant-feliu-logo.png","contentUrl":"https:\/\/suministressantfeliu.com\/comprar\/wp-content\/uploads\/2021\/03\/cropped-suministres-sant-feliu-logo.png","width":668,"height":668,"caption":"Suministres Sant Feliu hosteleria"},"image":{"@id":"https:\/\/suministressantfeliu.com\/comprar\/#\/schema\/logo\/image\/"}}]}},"_links":{"self":[{"href":"https:\/\/suministressantfeliu.com\/comprar\/wp-json\/wp\/v2\/product\/8884","targetHints":{"allow":["GET"]}}],"collection":[{"href":"https:\/\/suministressantfeliu.com\/comprar\/wp-json\/wp\/v2\/product"}],"about":[{"href":"https:\/\/suministressantfeliu.com\/comprar\/wp-json\/wp\/v2\/types\/product"}],"wp:featuredmedia":[{"embeddable":true,"href":"https:\/\/suministressantfeliu.com\/comprar\/wp-json\/wp\/v2\/media\/3705"}],"wp:attachment":[{"href":"https:\/\/suministressantfeliu.com\/comprar\/wp-json\/wp\/v2\/media?parent=8884"}],"wp:term":[{"taxonomy":"product_brand","embeddable":true,"href":"https:\/\/suministressantfeliu.com\/comprar\/wp-json\/wp\/v2\/product_brand?post=8884"},{"taxonomy":"product_cat","embeddable":true,"href":"https:\/\/suministressantfeliu.com\/comprar\/wp-json\/wp\/v2\/product_cat?post=8884"},{"taxonomy":"product_tag","embeddable":true,"href":"https:\/\/suministressantfeliu.com\/comprar\/wp-json\/wp\/v2\/product_tag?post=8884"}],"curies":[{"name":"wp","href":"https:\/\/api.w.org\/{rel}","templated":true}]}}