{"id":8882,"date":"2023-05-04T21:49:16","date_gmt":"2023-05-04T21:49:16","guid":{"rendered":"https:\/\/suministressantfeliu.com\/comprar\/servilleta-de-mesa-3030-1-capa-100-reciclada-ecologica-caja-de-48-paquetes-de-100-servilletas\/"},"modified":"2024-03-04T15:21:13","modified_gmt":"2024-03-04T15:21:13","slug":"servilleta-de-mesa-3030-1-capa-100-reciclada-ecologica-caja-de-48-paquetes-de-100-servilletas","status":"publish","type":"product","link":"https:\/\/suministressantfeliu.com\/comprar\/servilleta-de-mesa-3030-1-capa-100-reciclada-ecologica-caja-de-48-paquetes-de-100-servilletas\/","title":{"rendered":"Servilleta de mesa 30*30 1 capa 100% Reciclada ecologica caja de 48 paquetes de 100 servilletas"},"content":{"rendered":"<p>La l\u00ednea de servilletas y manteles recicladas est\u00e1n fabricadas a partir de materia prima 100% reciclada e impresa con tinta compostable. Estos materiales son totalmente biodegradables y no generan residuos t\u00f3xicos ni contaminantes. Por ello, esta gama de productos es una de nuestras mejores alternativas para cuidar el medio ambiente y conservar los recursos naturales. Estas servilletas recicladas son 100% ecol\u00f3gicas, fabricadas exclusivamente con material reciclado. Fabricada bajo el certificado Ecolabel, que garantiza un alto nivel de protecci\u00f3n ambiental a lo largo del ciclo de vida del producto. Con el fin de cuidar el medio ambiente y conservar los recursos naturales, estas servilletas son la mejor forma de respetar nuestro entorno.La gama completa de servilletas ecol\u00f3gicas biodegradables se compone de una gran variedad de tama\u00f1os, ya sea para la mesa o para dispensadores e incluso la servilleta com\u00fanmente conocidas como canguro (permite introducir los cubiertos en su interior<\/p>\n","protected":false},"excerpt":{"rendered":"<p>Servilleta mesa 30*30 1 capa 100% Reciclada ecologica. Paquete de 100 servicios. Caja de 4800 servilletas<\/p>\n","protected":false},"featured_media":3762,"template":"","meta":[],"product_brand":[],"product_cat":[1124],"product_tag":[],"class_list":{"0":"post-8882","1":"product","2":"type-product","3":"status-publish","4":"has-post-thumbnail","6":"product_cat-celulosas-papel","8":"first","9":"instock","10":"sale","11":"taxable","12":"shipping-taxable","13":"purchasable","14":"product-type-simple"},"yoast_head":"<!-- This site is optimized with the Yoast SEO plugin v27.5 - https:\/\/yoast.com\/product\/yoast-seo-wordpress\/ -->\n<title>Servilleta de mesa 30*30 1 capa 100% Reciclada ecologica caja de 48 paquetes de 100 servilletas - Venta Productos de hosteler\u00eda Barcelona<\/title>\n<meta name=\"description\" content=\"Servilleta de mesa 30*30 1 capa 100% Reciclada ecologica caja de 48 paquetes de 100 servilletas\" \/>\n<meta name=\"robots\" content=\"index, follow, max-snippet:-1, max-image-preview:large, max-video-preview:-1\" \/>\n<link rel=\"canonical\" href=\"https:\/\/suministressantfeliu.com\/comprar\/servilleta-de-mesa-3030-1-capa-100-reciclada-ecologica-caja-de-48-paquetes-de-100-servilletas\/\" \/>\n<meta property=\"og:locale\" content=\"es_ES\" \/>\n<meta property=\"og:type\" content=\"article\" \/>\n<meta property=\"og:title\" content=\"Servilleta de mesa 30*30 1 capa 100% Reciclada ecologica caja de 48 paquetes de 100 servilletas - Venta Productos de hosteler\u00eda Barcelona\" \/>\n<meta property=\"og:description\" content=\"Servilleta de mesa 30*30 1 capa 100% Reciclada ecologica caja de 48 paquetes de 100 servilletas\" \/>\n<meta property=\"og:url\" content=\"https:\/\/suministressantfeliu.com\/comprar\/servilleta-de-mesa-3030-1-capa-100-reciclada-ecologica-caja-de-48-paquetes-de-100-servilletas\/\" \/>\n<meta property=\"og:site_name\" content=\"Venta Productos de hosteler\u00eda Barcelona\" \/>\n<meta property=\"article:modified_time\" content=\"2024-03-04T15:21:13+00:00\" \/>\n<meta property=\"og:image\" content=\"https:\/\/suministressantfeliu.com\/comprar\/wp-content\/uploads\/2023\/04\/servilleta-3030-1-capa-reciclada-800x800-1.jpg\" \/>\n\t<meta property=\"og:image:width\" content=\"751\" \/>\n\t<meta property=\"og:image:height\" content=\"800\" \/>\n\t<meta property=\"og:image:type\" content=\"image\/jpeg\" \/>\n<meta name=\"twitter:card\" content=\"summary_large_image\" \/>\n<meta name=\"twitter:label1\" content=\"Tiempo de lectura\" \/>\n\t<meta name=\"twitter:data1\" content=\"1 minuto\" \/>\n<script type=\"application\/ld+json\" class=\"yoast-schema-graph\">{\"@context\":\"https:\\\/\\\/schema.org\",\"@graph\":[{\"@type\":\"WebPage\",\"@id\":\"https:\\\/\\\/suministressantfeliu.com\\\/comprar\\\/servilleta-de-mesa-3030-1-capa-100-reciclada-ecologica-caja-de-48-paquetes-de-100-servilletas\\\/\",\"url\":\"https:\\\/\\\/suministressantfeliu.com\\\/comprar\\\/servilleta-de-mesa-3030-1-capa-100-reciclada-ecologica-caja-de-48-paquetes-de-100-servilletas\\\/\",\"name\":\"Servilleta de mesa 30*30 1 capa 100% Reciclada ecologica caja de 48 paquetes de 100 servilletas - Venta Productos de hosteler\u00eda Barcelona\",\"isPartOf\":{\"@id\":\"https:\\\/\\\/suministressantfeliu.com\\\/comprar\\\/#website\"},\"primaryImageOfPage\":{\"@id\":\"https:\\\/\\\/suministressantfeliu.com\\\/comprar\\\/servilleta-de-mesa-3030-1-capa-100-reciclada-ecologica-caja-de-48-paquetes-de-100-servilletas\\\/#primaryimage\"},\"image\":{\"@id\":\"https:\\\/\\\/suministressantfeliu.com\\\/comprar\\\/servilleta-de-mesa-3030-1-capa-100-reciclada-ecologica-caja-de-48-paquetes-de-100-servilletas\\\/#primaryimage\"},\"thumbnailUrl\":\"https:\\\/\\\/suministressantfeliu.com\\\/comprar\\\/wp-content\\\/uploads\\\/2023\\\/04\\\/servilleta-3030-1-capa-reciclada-800x800-1.jpg\",\"datePublished\":\"2023-05-04T21:49:16+00:00\",\"dateModified\":\"2024-03-04T15:21:13+00:00\",\"description\":\"Servilleta de mesa 30*30 1 capa 100% Reciclada ecologica caja de 48 paquetes de 100 servilletas\",\"breadcrumb\":{\"@id\":\"https:\\\/\\\/suministressantfeliu.com\\\/comprar\\\/servilleta-de-mesa-3030-1-capa-100-reciclada-ecologica-caja-de-48-paquetes-de-100-servilletas\\\/#breadcrumb\"},\"inLanguage\":\"es\",\"potentialAction\":[{\"@type\":\"ReadAction\",\"target\":[\"https:\\\/\\\/suministressantfeliu.com\\\/comprar\\\/servilleta-de-mesa-3030-1-capa-100-reciclada-ecologica-caja-de-48-paquetes-de-100-servilletas\\\/\"]}]},{\"@type\":\"ImageObject\",\"inLanguage\":\"es\",\"@id\":\"https:\\\/\\\/suministressantfeliu.com\\\/comprar\\\/servilleta-de-mesa-3030-1-capa-100-reciclada-ecologica-caja-de-48-paquetes-de-100-servilletas\\\/#primaryimage\",\"url\":\"https:\\\/\\\/suministressantfeliu.com\\\/comprar\\\/wp-content\\\/uploads\\\/2023\\\/04\\\/servilleta-3030-1-capa-reciclada-800x800-1.jpg\",\"contentUrl\":\"https:\\\/\\\/suministressantfeliu.com\\\/comprar\\\/wp-content\\\/uploads\\\/2023\\\/04\\\/servilleta-3030-1-capa-reciclada-800x800-1.jpg\",\"width\":751,\"height\":800},{\"@type\":\"BreadcrumbList\",\"@id\":\"https:\\\/\\\/suministressantfeliu.com\\\/comprar\\\/servilleta-de-mesa-3030-1-capa-100-reciclada-ecologica-caja-de-48-paquetes-de-100-servilletas\\\/#breadcrumb\",\"itemListElement\":[{\"@type\":\"ListItem\",\"position\":1,\"name\":\"Portada\",\"item\":\"https:\\\/\\\/suministressantfeliu.com\\\/comprar\\\/\"},{\"@type\":\"ListItem\",\"position\":2,\"name\":\"Tienda\",\"item\":\"https:\\\/\\\/suministressantfeliu.com\\\/comprar\\\/tienda\\\/\"},{\"@type\":\"ListItem\",\"position\":3,\"name\":\"Servilleta de mesa 30*30 1 capa 100% Reciclada ecologica caja de 48 paquetes de 100 servilletas\"}]},{\"@type\":\"WebSite\",\"@id\":\"https:\\\/\\\/suministressantfeliu.com\\\/comprar\\\/#website\",\"url\":\"https:\\\/\\\/suministressantfeliu.com\\\/comprar\\\/\",\"name\":\"Productos hosteler\u00eda\",\"description\":\"Venta de suministros profesionales para hosteler\u00eda\",\"publisher\":{\"@id\":\"https:\\\/\\\/suministressantfeliu.com\\\/comprar\\\/#organization\"},\"potentialAction\":[{\"@type\":\"SearchAction\",\"target\":{\"@type\":\"EntryPoint\",\"urlTemplate\":\"https:\\\/\\\/suministressantfeliu.com\\\/comprar\\\/?s={search_term_string}\"},\"query-input\":{\"@type\":\"PropertyValueSpecification\",\"valueRequired\":true,\"valueName\":\"search_term_string\"}}],\"inLanguage\":\"es\"},{\"@type\":\"Organization\",\"@id\":\"https:\\\/\\\/suministressantfeliu.com\\\/comprar\\\/#organization\",\"name\":\"Suministres Sant Feliu hosteleria\",\"url\":\"https:\\\/\\\/suministressantfeliu.com\\\/comprar\\\/\",\"logo\":{\"@type\":\"ImageObject\",\"inLanguage\":\"es\",\"@id\":\"https:\\\/\\\/suministressantfeliu.com\\\/comprar\\\/#\\\/schema\\\/logo\\\/image\\\/\",\"url\":\"https:\\\/\\\/suministressantfeliu.com\\\/comprar\\\/wp-content\\\/uploads\\\/2021\\\/03\\\/cropped-suministres-sant-feliu-logo.png\",\"contentUrl\":\"https:\\\/\\\/suministressantfeliu.com\\\/comprar\\\/wp-content\\\/uploads\\\/2021\\\/03\\\/cropped-suministres-sant-feliu-logo.png\",\"width\":668,\"height\":668,\"caption\":\"Suministres Sant Feliu hosteleria\"},\"image\":{\"@id\":\"https:\\\/\\\/suministressantfeliu.com\\\/comprar\\\/#\\\/schema\\\/logo\\\/image\\\/\"}}]}<\/script>\n<!-- \/ Yoast SEO plugin. -->","yoast_head_json":{"title":"Servilleta de mesa 30*30 1 capa 100% Reciclada ecologica caja de 48 paquetes de 100 servilletas - Venta Productos de hosteler\u00eda Barcelona","description":"Servilleta de mesa 30*30 1 capa 100% Reciclada ecologica caja de 48 paquetes de 100 servilletas","robots":{"index":"index","follow":"follow","max-snippet":"max-snippet:-1","max-image-preview":"max-image-preview:large","max-video-preview":"max-video-preview:-1"},"canonical":"https:\/\/suministressantfeliu.com\/comprar\/servilleta-de-mesa-3030-1-capa-100-reciclada-ecologica-caja-de-48-paquetes-de-100-servilletas\/","og_locale":"es_ES","og_type":"article","og_title":"Servilleta de mesa 30*30 1 capa 100% Reciclada ecologica caja de 48 paquetes de 100 servilletas - Venta Productos de hosteler\u00eda Barcelona","og_description":"Servilleta de mesa 30*30 1 capa 100% Reciclada ecologica caja de 48 paquetes de 100 servilletas","og_url":"https:\/\/suministressantfeliu.com\/comprar\/servilleta-de-mesa-3030-1-capa-100-reciclada-ecologica-caja-de-48-paquetes-de-100-servilletas\/","og_site_name":"Venta Productos de hosteler\u00eda Barcelona","article_modified_time":"2024-03-04T15:21:13+00:00","og_image":[{"width":751,"height":800,"url":"https:\/\/suministressantfeliu.com\/comprar\/wp-content\/uploads\/2023\/04\/servilleta-3030-1-capa-reciclada-800x800-1.jpg","type":"image\/jpeg"}],"twitter_card":"summary_large_image","twitter_misc":{"Tiempo de lectura":"1 minuto"},"schema":{"@context":"https:\/\/schema.org","@graph":[{"@type":"WebPage","@id":"https:\/\/suministressantfeliu.com\/comprar\/servilleta-de-mesa-3030-1-capa-100-reciclada-ecologica-caja-de-48-paquetes-de-100-servilletas\/","url":"https:\/\/suministressantfeliu.com\/comprar\/servilleta-de-mesa-3030-1-capa-100-reciclada-ecologica-caja-de-48-paquetes-de-100-servilletas\/","name":"Servilleta de mesa 30*30 1 capa 100% Reciclada ecologica caja de 48 paquetes de 100 servilletas - Venta Productos de hosteler\u00eda Barcelona","isPartOf":{"@id":"https:\/\/suministressantfeliu.com\/comprar\/#website"},"primaryImageOfPage":{"@id":"https:\/\/suministressantfeliu.com\/comprar\/servilleta-de-mesa-3030-1-capa-100-reciclada-ecologica-caja-de-48-paquetes-de-100-servilletas\/#primaryimage"},"image":{"@id":"https:\/\/suministressantfeliu.com\/comprar\/servilleta-de-mesa-3030-1-capa-100-reciclada-ecologica-caja-de-48-paquetes-de-100-servilletas\/#primaryimage"},"thumbnailUrl":"https:\/\/suministressantfeliu.com\/comprar\/wp-content\/uploads\/2023\/04\/servilleta-3030-1-capa-reciclada-800x800-1.jpg","datePublished":"2023-05-04T21:49:16+00:00","dateModified":"2024-03-04T15:21:13+00:00","description":"Servilleta de mesa 30*30 1 capa 100% Reciclada ecologica caja de 48 paquetes de 100 servilletas","breadcrumb":{"@id":"https:\/\/suministressantfeliu.com\/comprar\/servilleta-de-mesa-3030-1-capa-100-reciclada-ecologica-caja-de-48-paquetes-de-100-servilletas\/#breadcrumb"},"inLanguage":"es","potentialAction":[{"@type":"ReadAction","target":["https:\/\/suministressantfeliu.com\/comprar\/servilleta-de-mesa-3030-1-capa-100-reciclada-ecologica-caja-de-48-paquetes-de-100-servilletas\/"]}]},{"@type":"ImageObject","inLanguage":"es","@id":"https:\/\/suministressantfeliu.com\/comprar\/servilleta-de-mesa-3030-1-capa-100-reciclada-ecologica-caja-de-48-paquetes-de-100-servilletas\/#primaryimage","url":"https:\/\/suministressantfeliu.com\/comprar\/wp-content\/uploads\/2023\/04\/servilleta-3030-1-capa-reciclada-800x800-1.jpg","contentUrl":"https:\/\/suministressantfeliu.com\/comprar\/wp-content\/uploads\/2023\/04\/servilleta-3030-1-capa-reciclada-800x800-1.jpg","width":751,"height":800},{"@type":"BreadcrumbList","@id":"https:\/\/suministressantfeliu.com\/comprar\/servilleta-de-mesa-3030-1-capa-100-reciclada-ecologica-caja-de-48-paquetes-de-100-servilletas\/#breadcrumb","itemListElement":[{"@type":"ListItem","position":1,"name":"Portada","item":"https:\/\/suministressantfeliu.com\/comprar\/"},{"@type":"ListItem","position":2,"name":"Tienda","item":"https:\/\/suministressantfeliu.com\/comprar\/tienda\/"},{"@type":"ListItem","position":3,"name":"Servilleta de mesa 30*30 1 capa 100% Reciclada ecologica caja de 48 paquetes de 100 servilletas"}]},{"@type":"WebSite","@id":"https:\/\/suministressantfeliu.com\/comprar\/#website","url":"https:\/\/suministressantfeliu.com\/comprar\/","name":"Productos hosteler\u00eda","description":"Venta de suministros profesionales para hosteler\u00eda","publisher":{"@id":"https:\/\/suministressantfeliu.com\/comprar\/#organization"},"potentialAction":[{"@type":"SearchAction","target":{"@type":"EntryPoint","urlTemplate":"https:\/\/suministressantfeliu.com\/comprar\/?s={search_term_string}"},"query-input":{"@type":"PropertyValueSpecification","valueRequired":true,"valueName":"search_term_string"}}],"inLanguage":"es"},{"@type":"Organization","@id":"https:\/\/suministressantfeliu.com\/comprar\/#organization","name":"Suministres Sant Feliu hosteleria","url":"https:\/\/suministressantfeliu.com\/comprar\/","logo":{"@type":"ImageObject","inLanguage":"es","@id":"https:\/\/suministressantfeliu.com\/comprar\/#\/schema\/logo\/image\/","url":"https:\/\/suministressantfeliu.com\/comprar\/wp-content\/uploads\/2021\/03\/cropped-suministres-sant-feliu-logo.png","contentUrl":"https:\/\/suministressantfeliu.com\/comprar\/wp-content\/uploads\/2021\/03\/cropped-suministres-sant-feliu-logo.png","width":668,"height":668,"caption":"Suministres Sant Feliu hosteleria"},"image":{"@id":"https:\/\/suministressantfeliu.com\/comprar\/#\/schema\/logo\/image\/"}}]}},"_links":{"self":[{"href":"https:\/\/suministressantfeliu.com\/comprar\/wp-json\/wp\/v2\/product\/8882","targetHints":{"allow":["GET"]}}],"collection":[{"href":"https:\/\/suministressantfeliu.com\/comprar\/wp-json\/wp\/v2\/product"}],"about":[{"href":"https:\/\/suministressantfeliu.com\/comprar\/wp-json\/wp\/v2\/types\/product"}],"wp:featuredmedia":[{"embeddable":true,"href":"https:\/\/suministressantfeliu.com\/comprar\/wp-json\/wp\/v2\/media\/3762"}],"wp:attachment":[{"href":"https:\/\/suministressantfeliu.com\/comprar\/wp-json\/wp\/v2\/media?parent=8882"}],"wp:term":[{"taxonomy":"product_brand","embeddable":true,"href":"https:\/\/suministressantfeliu.com\/comprar\/wp-json\/wp\/v2\/product_brand?post=8882"},{"taxonomy":"product_cat","embeddable":true,"href":"https:\/\/suministressantfeliu.com\/comprar\/wp-json\/wp\/v2\/product_cat?post=8882"},{"taxonomy":"product_tag","embeddable":true,"href":"https:\/\/suministressantfeliu.com\/comprar\/wp-json\/wp\/v2\/product_tag?post=8882"}],"curies":[{"name":"wp","href":"https:\/\/api.w.org\/{rel}","templated":true}]}}