{"id":8880,"date":"2023-05-04T21:49:15","date_gmt":"2023-05-04T21:49:15","guid":{"rendered":"https:\/\/suministressantfeliu.com\/comprar\/sarten-robust-plus-alum-antiadherente-varias-medidas\/"},"modified":"2023-05-04T21:57:13","modified_gmt":"2023-05-04T21:57:13","slug":"sarten-robust-plus-alum-antiadherente-varias-medidas","status":"publish","type":"product","link":"https:\/\/suministressantfeliu.com\/comprar\/sarten-robust-plus-alum-antiadherente-varias-medidas\/","title":{"rendered":"Sart\u00e9n Robust Plus Alum. Antiadherente varias medidas"},"content":{"rendered":"<p>Varias medidas<\/p>\n","protected":false},"excerpt":{"rendered":"<p>Sart\u00e9n profesional modelo Robust de Lacor con antiadherente. Fabricada en aluminio, esta sart\u00e9n profesional de robust de aluminio es m\u00e1s ligera y reparte el calor de forma uniforme.. Recubierta de antiadherente (tricapa) de gran calidad, ecol\u00f3gico y con aportaci\u00f3n de titatio, esta sart\u00e9n profesional Robust a diferencia de lo que sucede con los antiadherentes de tefl\u00f3n, en la fabricaci\u00f3n de esta sart\u00e9n de aluminio antiadherente no se utiliza PFOA (\u00e1cido perfluoroct\u00e1nico, sustancia suceptible de pasar al organismo a trav\u00e9s de los alimentos cocinados). Adem\u00e1s su fabricaci\u00f3n es m\u00e1s respetuosa con el medio ambiente por la reducci\u00f3n de las emisiones de CO2.<\/p>\n","protected":false},"featured_media":0,"template":"","meta":[],"product_brand":[],"product_cat":[1121,1122,1120],"product_tag":[],"class_list":{"0":"post-8880","1":"product","2":"type-product","3":"status-publish","5":"product_cat-cocina","6":"product_cat-complementos-cocina","7":"product_cat-utensilios-cocina-hosteleria","9":"first","10":"instock","11":"taxable","12":"shipping-taxable","13":"product-type-simple"},"yoast_head":"<!-- This site is optimized with the Yoast SEO plugin v27.5 - https:\/\/yoast.com\/product\/yoast-seo-wordpress\/ -->\n<title>Sart\u00e9n Robust Plus Alum. Antiadherente varias medidas - Venta Productos de hosteler\u00eda Barcelona<\/title>\n<meta name=\"robots\" content=\"index, follow, max-snippet:-1, max-image-preview:large, max-video-preview:-1\" \/>\n<link rel=\"canonical\" href=\"https:\/\/suministressantfeliu.com\/comprar\/sarten-robust-plus-alum-antiadherente-varias-medidas\/\" \/>\n<meta property=\"og:locale\" content=\"es_ES\" \/>\n<meta property=\"og:type\" content=\"article\" \/>\n<meta property=\"og:title\" content=\"Sart\u00e9n Robust Plus Alum. Antiadherente varias medidas - Venta Productos de hosteler\u00eda Barcelona\" \/>\n<meta property=\"og:description\" content=\"Sart\u00e9n profesional modelo Robust de Lacor con antiadherente. Fabricada en aluminio, esta sart\u00e9n profesional de robust de aluminio es m\u00e1s ligera y reparte el calor de forma uniforme.. Recubierta de antiadherente (tricapa) de gran calidad, ecol\u00f3gico y con aportaci\u00f3n de titatio, esta sart\u00e9n profesional Robust a diferencia de lo que sucede con los antiadherentes de tefl\u00f3n, en la fabricaci\u00f3n de esta sart\u00e9n de aluminio antiadherente no se utiliza PFOA (\u00e1cido perfluoroct\u00e1nico, sustancia suceptible de pasar al organismo a trav\u00e9s de los alimentos cocinados). Adem\u00e1s su fabricaci\u00f3n es m\u00e1s respetuosa con el medio ambiente por la reducci\u00f3n de las emisiones de CO2.\" \/>\n<meta property=\"og:url\" content=\"https:\/\/suministressantfeliu.com\/comprar\/sarten-robust-plus-alum-antiadherente-varias-medidas\/\" \/>\n<meta property=\"og:site_name\" content=\"Venta Productos de hosteler\u00eda Barcelona\" \/>\n<meta property=\"article:modified_time\" content=\"2023-05-04T21:57:13+00:00\" \/>\n<meta name=\"twitter:card\" content=\"summary_large_image\" \/>\n<script type=\"application\/ld+json\" class=\"yoast-schema-graph\">{\"@context\":\"https:\\\/\\\/schema.org\",\"@graph\":[{\"@type\":\"WebPage\",\"@id\":\"https:\\\/\\\/suministressantfeliu.com\\\/comprar\\\/sarten-robust-plus-alum-antiadherente-varias-medidas\\\/\",\"url\":\"https:\\\/\\\/suministressantfeliu.com\\\/comprar\\\/sarten-robust-plus-alum-antiadherente-varias-medidas\\\/\",\"name\":\"Sart\u00e9n Robust Plus Alum. Antiadherente varias medidas - Venta Productos de hosteler\u00eda Barcelona\",\"isPartOf\":{\"@id\":\"https:\\\/\\\/suministressantfeliu.com\\\/comprar\\\/#website\"},\"datePublished\":\"2023-05-04T21:49:15+00:00\",\"dateModified\":\"2023-05-04T21:57:13+00:00\",\"breadcrumb\":{\"@id\":\"https:\\\/\\\/suministressantfeliu.com\\\/comprar\\\/sarten-robust-plus-alum-antiadherente-varias-medidas\\\/#breadcrumb\"},\"inLanguage\":\"es\",\"potentialAction\":[{\"@type\":\"ReadAction\",\"target\":[\"https:\\\/\\\/suministressantfeliu.com\\\/comprar\\\/sarten-robust-plus-alum-antiadherente-varias-medidas\\\/\"]}]},{\"@type\":\"BreadcrumbList\",\"@id\":\"https:\\\/\\\/suministressantfeliu.com\\\/comprar\\\/sarten-robust-plus-alum-antiadherente-varias-medidas\\\/#breadcrumb\",\"itemListElement\":[{\"@type\":\"ListItem\",\"position\":1,\"name\":\"Portada\",\"item\":\"https:\\\/\\\/suministressantfeliu.com\\\/comprar\\\/\"},{\"@type\":\"ListItem\",\"position\":2,\"name\":\"Tienda\",\"item\":\"https:\\\/\\\/suministressantfeliu.com\\\/comprar\\\/tienda\\\/\"},{\"@type\":\"ListItem\",\"position\":3,\"name\":\"Sart\u00e9n Robust Plus Alum. Antiadherente varias medidas\"}]},{\"@type\":\"WebSite\",\"@id\":\"https:\\\/\\\/suministressantfeliu.com\\\/comprar\\\/#website\",\"url\":\"https:\\\/\\\/suministressantfeliu.com\\\/comprar\\\/\",\"name\":\"Productos hosteler\u00eda\",\"description\":\"Venta de suministros profesionales para hosteler\u00eda\",\"publisher\":{\"@id\":\"https:\\\/\\\/suministressantfeliu.com\\\/comprar\\\/#organization\"},\"potentialAction\":[{\"@type\":\"SearchAction\",\"target\":{\"@type\":\"EntryPoint\",\"urlTemplate\":\"https:\\\/\\\/suministressantfeliu.com\\\/comprar\\\/?s={search_term_string}\"},\"query-input\":{\"@type\":\"PropertyValueSpecification\",\"valueRequired\":true,\"valueName\":\"search_term_string\"}}],\"inLanguage\":\"es\"},{\"@type\":\"Organization\",\"@id\":\"https:\\\/\\\/suministressantfeliu.com\\\/comprar\\\/#organization\",\"name\":\"Suministres Sant Feliu hosteleria\",\"url\":\"https:\\\/\\\/suministressantfeliu.com\\\/comprar\\\/\",\"logo\":{\"@type\":\"ImageObject\",\"inLanguage\":\"es\",\"@id\":\"https:\\\/\\\/suministressantfeliu.com\\\/comprar\\\/#\\\/schema\\\/logo\\\/image\\\/\",\"url\":\"https:\\\/\\\/suministressantfeliu.com\\\/comprar\\\/wp-content\\\/uploads\\\/2021\\\/03\\\/cropped-suministres-sant-feliu-logo.png\",\"contentUrl\":\"https:\\\/\\\/suministressantfeliu.com\\\/comprar\\\/wp-content\\\/uploads\\\/2021\\\/03\\\/cropped-suministres-sant-feliu-logo.png\",\"width\":668,\"height\":668,\"caption\":\"Suministres Sant Feliu hosteleria\"},\"image\":{\"@id\":\"https:\\\/\\\/suministressantfeliu.com\\\/comprar\\\/#\\\/schema\\\/logo\\\/image\\\/\"}}]}<\/script>\n<!-- \/ Yoast SEO plugin. -->","yoast_head_json":{"title":"Sart\u00e9n Robust Plus Alum. Antiadherente varias medidas - Venta Productos de hosteler\u00eda Barcelona","robots":{"index":"index","follow":"follow","max-snippet":"max-snippet:-1","max-image-preview":"max-image-preview:large","max-video-preview":"max-video-preview:-1"},"canonical":"https:\/\/suministressantfeliu.com\/comprar\/sarten-robust-plus-alum-antiadherente-varias-medidas\/","og_locale":"es_ES","og_type":"article","og_title":"Sart\u00e9n Robust Plus Alum. Antiadherente varias medidas - Venta Productos de hosteler\u00eda Barcelona","og_description":"Sart\u00e9n profesional modelo Robust de Lacor con antiadherente. Fabricada en aluminio, esta sart\u00e9n profesional de robust de aluminio es m\u00e1s ligera y reparte el calor de forma uniforme.. Recubierta de antiadherente (tricapa) de gran calidad, ecol\u00f3gico y con aportaci\u00f3n de titatio, esta sart\u00e9n profesional Robust a diferencia de lo que sucede con los antiadherentes de tefl\u00f3n, en la fabricaci\u00f3n de esta sart\u00e9n de aluminio antiadherente no se utiliza PFOA (\u00e1cido perfluoroct\u00e1nico, sustancia suceptible de pasar al organismo a trav\u00e9s de los alimentos cocinados). Adem\u00e1s su fabricaci\u00f3n es m\u00e1s respetuosa con el medio ambiente por la reducci\u00f3n de las emisiones de CO2.","og_url":"https:\/\/suministressantfeliu.com\/comprar\/sarten-robust-plus-alum-antiadherente-varias-medidas\/","og_site_name":"Venta Productos de hosteler\u00eda Barcelona","article_modified_time":"2023-05-04T21:57:13+00:00","twitter_card":"summary_large_image","schema":{"@context":"https:\/\/schema.org","@graph":[{"@type":"WebPage","@id":"https:\/\/suministressantfeliu.com\/comprar\/sarten-robust-plus-alum-antiadherente-varias-medidas\/","url":"https:\/\/suministressantfeliu.com\/comprar\/sarten-robust-plus-alum-antiadherente-varias-medidas\/","name":"Sart\u00e9n Robust Plus Alum. Antiadherente varias medidas - Venta Productos de hosteler\u00eda Barcelona","isPartOf":{"@id":"https:\/\/suministressantfeliu.com\/comprar\/#website"},"datePublished":"2023-05-04T21:49:15+00:00","dateModified":"2023-05-04T21:57:13+00:00","breadcrumb":{"@id":"https:\/\/suministressantfeliu.com\/comprar\/sarten-robust-plus-alum-antiadherente-varias-medidas\/#breadcrumb"},"inLanguage":"es","potentialAction":[{"@type":"ReadAction","target":["https:\/\/suministressantfeliu.com\/comprar\/sarten-robust-plus-alum-antiadherente-varias-medidas\/"]}]},{"@type":"BreadcrumbList","@id":"https:\/\/suministressantfeliu.com\/comprar\/sarten-robust-plus-alum-antiadherente-varias-medidas\/#breadcrumb","itemListElement":[{"@type":"ListItem","position":1,"name":"Portada","item":"https:\/\/suministressantfeliu.com\/comprar\/"},{"@type":"ListItem","position":2,"name":"Tienda","item":"https:\/\/suministressantfeliu.com\/comprar\/tienda\/"},{"@type":"ListItem","position":3,"name":"Sart\u00e9n Robust Plus Alum. Antiadherente varias medidas"}]},{"@type":"WebSite","@id":"https:\/\/suministressantfeliu.com\/comprar\/#website","url":"https:\/\/suministressantfeliu.com\/comprar\/","name":"Productos hosteler\u00eda","description":"Venta de suministros profesionales para hosteler\u00eda","publisher":{"@id":"https:\/\/suministressantfeliu.com\/comprar\/#organization"},"potentialAction":[{"@type":"SearchAction","target":{"@type":"EntryPoint","urlTemplate":"https:\/\/suministressantfeliu.com\/comprar\/?s={search_term_string}"},"query-input":{"@type":"PropertyValueSpecification","valueRequired":true,"valueName":"search_term_string"}}],"inLanguage":"es"},{"@type":"Organization","@id":"https:\/\/suministressantfeliu.com\/comprar\/#organization","name":"Suministres Sant Feliu hosteleria","url":"https:\/\/suministressantfeliu.com\/comprar\/","logo":{"@type":"ImageObject","inLanguage":"es","@id":"https:\/\/suministressantfeliu.com\/comprar\/#\/schema\/logo\/image\/","url":"https:\/\/suministressantfeliu.com\/comprar\/wp-content\/uploads\/2021\/03\/cropped-suministres-sant-feliu-logo.png","contentUrl":"https:\/\/suministressantfeliu.com\/comprar\/wp-content\/uploads\/2021\/03\/cropped-suministres-sant-feliu-logo.png","width":668,"height":668,"caption":"Suministres Sant Feliu hosteleria"},"image":{"@id":"https:\/\/suministressantfeliu.com\/comprar\/#\/schema\/logo\/image\/"}}]}},"_links":{"self":[{"href":"https:\/\/suministressantfeliu.com\/comprar\/wp-json\/wp\/v2\/product\/8880","targetHints":{"allow":["GET"]}}],"collection":[{"href":"https:\/\/suministressantfeliu.com\/comprar\/wp-json\/wp\/v2\/product"}],"about":[{"href":"https:\/\/suministressantfeliu.com\/comprar\/wp-json\/wp\/v2\/types\/product"}],"wp:attachment":[{"href":"https:\/\/suministressantfeliu.com\/comprar\/wp-json\/wp\/v2\/media?parent=8880"}],"wp:term":[{"taxonomy":"product_brand","embeddable":true,"href":"https:\/\/suministressantfeliu.com\/comprar\/wp-json\/wp\/v2\/product_brand?post=8880"},{"taxonomy":"product_cat","embeddable":true,"href":"https:\/\/suministressantfeliu.com\/comprar\/wp-json\/wp\/v2\/product_cat?post=8880"},{"taxonomy":"product_tag","embeddable":true,"href":"https:\/\/suministressantfeliu.com\/comprar\/wp-json\/wp\/v2\/product_tag?post=8880"}],"curies":[{"name":"wp","href":"https:\/\/api.w.org\/{rel}","templated":true}]}}